796637 is divided by 82?
81
Calculate the remainder when 142263 is divided by 140703.
1560
What is the remainder when 169903 is divided by 42425?
203
Calculate the remainder when 21490361 is divided by 536.
513
What is the remainder when 8683983 is divided by 411?
375
Calculate the remainder when 54872 is divided by 17558.
2198
Calculate the remainder when 3204641 is divided by 1068208.
17
What is the remainder when 574416297 is divided by 7730?
7727
What is the remainder when 286412 is divided by 5301?
158
Calculate the remainder when 4005418 is divided by 29.
25
What is the remainder when 5358079 is divided by 104?
103
What is the remainder when 2534095 is divided by 4317?
16
Calculate the remainder when 336179 is divided by 336126.
53
What is the remainder when 1773574 is divided by 46673?
0
Calculate the remainder when 192765751 is divided by 285.
16
What is the remainder when 29442627 is divided by 421?
413
Calculate the remainder when 787639 is divided by 2270.
2219
Calculate the remainder when 5192646 is divided by 5192631.
15
What is the remainder when 251425 is divided by 124949?
1527
What is the remainder when 144853422 is divided by 1028?
1026
Calculate the remainder when 7790 is divided by 4.
2
Calculate the remainder when 34332748 is divided by 464.
460
What is the remainder when 53636021 is divided by 261?
260
Calculate the remainder when 376160 is divided by 85.
35
What is the remainder when 290341 is divided by 31289?
8740
What is the remainder when 4494183 is divided by 30782?
11
Calculate the remainder when 1035235 is divided by 61.
4
Calculate the remainder when 223249 is divided by 220779.
2470
Calculate the remainder when 603985 is divided by 484.
437
Calculate the remainder when 1917281 is divided by 1354.
17
Calculate the remainder when 21585566 is divided by 2066.
2064
Calculate the remainder when 21496034 is divided by 22138.
36
Calculate the remainder when 354641 is divided by 6448.
1
What is the remainder when 24810269 is divided by 388?
385
Calculate the remainder when 15097086 is divided by 136.
134
What is the remainder when 3216843 is divided by 2146?
2135
What is the remainder when 218216 is divided by 70785?
5861
Calculate the remainder when 22797313 is divided by 87346.
7
Calculate the remainder when 165805 is divided by 28.
17
Calculate the remainder when 780316 is divided by 195074.
20
What is the remainder when 1262669 is divided by 1574?
321
Calculate the remainder when 128788 is divided by 1266.
922
What is the remainder when 207585183 is divided by 69195043?
54
Calculate the remainder when 48846 is divided by 217.
21
Calculate the remainder when 9698556 is divided by 286.
10
What is the remainder when 217497783 is divided by 5?
3
Calculate the remainder when 504793 is divided by 50.
43
What is the remainder when 242293 is divided by 120963?
367
What is the remainder when 25892021 is divided by 160?
21
What is the remainder when 3539109 is divided by 707757?
324
Calculate the remainder when 53614783 is divided by 2680739.
3
Calculate the remainder when 28332 is divided by 14060.
212
What is the remainder when 2097479 is divided by 628?
587
What is the remainder when 54579 is divided by 5672?
3531
What is the remainder when 1878606 is divided by 1258?
412
Calculate the remainder when 2018132 is divided by 496.
404
What is the remainder when 227099 is divided by 9944?
8331
What is the remainder when 303530 is divided by 1111?
227
Calculate the remainder when 279468 is divided by 69593.
1096
What is the remainder when 4830678 is divided by 193224?
78
Calculate the remainder when 576060 is divided by 288012.
36
Calculate the remainder when 2853529 is divided by 4.
1
What is the remainder when 4033217 is divided by 1344404?
5
What is the remainder when 302609 is divided by 3560?
9
Calculate the remainder when 1977951 is divided by 9199.
166
Calculate the remainder when 11722 is divided by 9690.
2032
Calculate the remainder when 38589890 is divided by 44.
42
Calculate the remainder when 11503754 is divided by 45.
44
Calculate the remainder when 153353514 is divided by 2813.
6
What is the remainder when 415525 is divided by 869?
143
Calculate the remainder when 108824 is divided by 2902.
1450
Calculate the remainder when 1562853 is divided by 260301.
1047
What is the remainder when 858765 is divided by 4910?
4425
Calculate the remainder when 47720 is divided by 182.
36
Calculate the remainder when 212700615 is divided by 43.
40
What is the remainder when 11574659 is divided by 47437?
31
Calculate the remainder when 247692 is divided by 226.
222
What is the remainder when 3462845 is divided by 86569?
85
What is the remainder when 959304 is divided by 159506?
2268
What is the remainder when 6754005 is divided by 2195?
2185
What is the remainder when 842302 is divided by 168460?
2
What is the remainder when 167353 is divided by 40030?
7233
What is the remainder when 11469 is divided by 843?
510
What is the remainder when 14909421 is divided by 1532?
1529
Calculate the remainder when 1045472 is divided by 406.
22
Calculate the remainder when 262991787 is divided by 3935.
3932
What is the remainder when 411990 is divided by 775?
465
What is the remainder when 126114 is divided by 5701?
692
Calculate the remainder when 14786 is divided by 11383.
3403
What is the remainder when 448153 is divided by 2001?
1930
Calculate the remainder when 75374 is divided by 216.
206
Calculate the remainder when 226526 is divided by 279.
257
Calculate the remainder when 616010 is divided by 4.
2
Calculate the remainder when 369798 is divided by 1916.
10
What is the remainder when 78626 is divided by 4600?
426
What is the remainder when 77978 is divided by 142?
20
What is the remainder when 87885893 is divided by 75?
68
What is the remainder when 10297552 is divided by 205950?
52
Calculate the remainder when 687171 is divided by 3972.
15
Calculate the remainder when 5450 is divided by 111.
11
What is the remainder when 954241 is divided by 21?
1
What is the remainder when 3208366 is divided by 16886?
26
What is the remainder when 143188 is divided by 388?
16
Calculate the remainder when 30229 is divided by 761.
550
Calculate the remainder when 63785 is divided by 1391.
1190
Calculate the remainder when 23475252 is divided by 5868802.
44
What is the remainder when 15317363 is divided by 189103?
20
What is the remainder when 1265623 is divided by 422?
45
Calculate the remainder when 234183224 is divided by 82.
80
Calculate the remainder when 64143534 is divided by 64143492.
42
What is the remainder when 344032 is divided by 202?
26
What is the remainder when 166405 is divided by 183?
58
Calculate the remainder when 175613 is divided by 1636.
561
Calculate the remainder when 4152638 is divided by 4413.
5
Calculate the remainder when 960585 is divided by 480284.
17
Calculate the remainder when 522832 is divided by 522829.
3
Calculate the remainder when 4381614 is divided by 730252.
102
Calculate the remainder when 1578028 is divided by 143448.
100
What is the remainder when 98601 is divided by 98530?
71
Calculate the remainder when 11867 is divided by 1255.
572
Calculate the remainder when 229843892 is divided by 16.
4
Calculate the remainder when 1376516 is divided by 917.
99
What is the remainder when 12906029 is divided by 518?
59
What is the remainder when 67320 is divided by 178?
36
What is the remainder when 7312 is divided by 6837?
475
Calculate the remainder when 125163835 is divided by 201228.
19
What is the remainder when 594889 is divided by 198294?
7
Calculate the remainder when 118301 is divided by 1556.
45
Calculate the remainder when 111371 is divided by 278.
171
Calculate the remainder when 642685 is divided by 35703.
31
Calculate the remainder when 764844 is divided by 9805.
54
What is the remainder when 7069 is divided by 424?
285
Calculate the remainder when 10760 is divided by 573.
446
What is the remainder when 686715 is divided by 21455?
155
Calculate the remainder when 51218562 is divided by 11.
10
Calculate the remainder when 356986 is divided by 484.
278
Calculate the remainder when 1423577 is divided by 158170.
47
What is the remainder when 270241 is divided by 38568?
265
Calculate the remainder when 34180583 i